 2*u**2 - 5*u + 2. Let k be z(3). Suppose -3*s = -a - 5*s - 7, -s = k. Suppose 45 = a*d + 2*d. What is the greatest common factor of d and 6?
3
Let o(a) = a + 5. Let t(b) = -b - 6. Let f(c) = -3*o(c) - 2*t(c). Let x be f(-5). Calculate the highest common divisor of 3 and x.
1
Let f(w) = w**2 + w + 1. Let q be f(-2). Let u be (-2)/1 - (-11 + q). Calculate the greatest common divisor of 54 and u.
6
Suppose -3*o = -9*o + 120. Suppose 5 = -i + 5*a, -5*i - 4*a = -8*a - 17. What is the greatest common divisor of i and o?
5
Suppose -g + 4*g + 90 = 0. Let l = 63 + g. What is the greatest common factor of l and 3?
3
Let u be (-2 - -1)*(53 + -4). Let h = u + 98. What is the greatest common divisor of 7 and h?
7
Suppose 2*p - 169 = -5*m, -5*m + 0*m = -5*p + 440. Suppose -p + 543 = 3*v. Suppose -2*u = 2*u - 76. What is the greatest common factor of v and u?
19
Let w be (-48)/(6 - -2)*(-34)/12. What is the greatest common factor of 153 and w?
17
Let s = 14 + 12. Suppose -2*x + 4 = -0*x. Let k be (-29 - -3)*x/(-4). Calculate the greatest common factor of s and k.
13
Let d(k) = -2*k + 2. Let q be d(-3). Suppose -q = w - 0. Let m = 32 + w. What is the highest common factor of 4 and m?
4
Let a = -8 + 12. Let o = 2 - a. Let q = 8 + o. Calculate the greatest common divisor of 9 and q.
3
Let p(z) = -z + 23. Let x be p(0). Let k be (1 + x/(-2))*-6. What is the highest common divisor of 21 and k?
21
Let g = -10 - -11. Calculate the greatest common factor of g and 1.
1
Let p(u) = 2*u**2 + 2. Let a be p(-3). What is the highest common factor of a and 220?
20
Suppose 0 = 4*f + 3*c - 225, 3*f + c - 165 = -0*f. Calculate the highest common divisor of 18 and f.
18
Let p(o) = 52*o + 1. Let y be p(1). Let d = y - 27. What is the greatest common divisor of d and 13?
13
Suppose -3*l = 5*u - 146, 5*l = -0*l + 4*u + 305. Suppose 114 = m - l. What is the highest common factor of m and 19?
19
Let q(t) = 4*t + 5. Suppose 3*g = 2*g + 5. Let i be q(g). Calculate the greatest common divisor of 10 and i.
5
Let c be ((-14)/(-6))/(1/18). Suppose -4*q - 3*j + 109 = 0, q = 2*q + 5*j - 23. What is the greatest common divisor of q and c?
14
Let o(r) be the first derivative of -r**3/3 - 2*r**2 + 7*r - 5. Let b be o(-5). Calculate the highest common factor of 6 and b.
2
Let k(v) = 20*v. Let f be k(1). Let q be ((-18)/15)/((-3)/f). Calculate the highest common factor of 56 and q.
8
Let s = 16 - -29. Calculate the highest common factor of 18 and s.
9
Let i(b) = -b + 3. Let k be i(5). Let j = 38 + 6. Let a be 0/1 - j/k. Calculate the highest common factor of 2 and a.
2
Suppose 2*x + 2*l + 12 = -14, 4*x - l + 37 = 0. Let a be ((-28)/20)/(2/x). Calculate the greatest common factor of a and 42.
7
Let h(n) = n**2 + 11*n + 10. Let l be h(-9). Let r be (3/(-2))/(l/320). What is the highest common divisor of r and 20?
20
Let m(l) = l - 3. Let d be m(-3). Let b = d - -3. Let z be -64*(b - 1*-2). Calculate the highest common factor of 8 and z.
8
Suppose 0 = 4*c + 5*z - 485, 3*c + 5*z - 24 = 336. What is the highest common factor of 50 and c?
25
Let m = -470 - -690. Calculate the greatest common divisor of m and 20.
20
Let m(i) = i**3 - 3*i**2 + 4*i + 4. Let g be m(3). Let h(y) = y**2 + 4*y - 5. Let a be h(-5). Let p = a + 2. Calculate the greatest common factor of p and g.
2
Suppose 0 = -3*x + 8 + 1. Suppose x*j - 58 = 5. Calculate the greatest common divisor of j and 7.
7
Suppose c - 4*c = -2*v, c = 0. Let d(r) = r + 7. Let i be d(v). What is the highest common divisor of 14 and i?
7
Suppose 4*k = h - 16, h = -3*k + 34 + 3. What is the greatest common factor of h and 42?
14
Suppose 0 = -5*v - p + 40, -2*p + 0*p = -4*v + 18. Let t(o) = o**3 - 5*o**2 - 10*o + 2. Let c be t(v). Calculate the greatest common factor of 10 and c.
10
Let m(w) = 2*w + 2. Let b be m(4). Let h be 14 - (-3 - (2 + -4)). What is the greatest common factor of b and h?
5
Suppose 0 = -l - 2, 4*q - 5*l = 14 - 4. Let o be -1 + 3 + (q - 1). Calculate the greatest common divisor of o and 9.
1
Suppose -2*a = -7*a - 10. Let t be -2*9*a/4. Let m = 92 + -47. What is the highest common factor of t and m?
9
Let l be 1 + 0 + 5 + -3. Let n be l - (2 + -1 - 0). Suppose 2*k - n - 16 = 0. What is the highest common divisor of 54 and k?
9
Suppose w + 8 = -4. Let y = 0 - w. Calculate the highest common divisor of y and 3.
3
Let f be (5*7 - (1 - -1))/1. Calculate the greatest common divisor of 44 and f.
11
Suppose 3*k - 25 = -7. Let l(i) = -10*i - 5 + 0 - 1 - 4. Let o be l(-4). What is the greatest common factor of k and o?
6
Suppose -120 = -3*a - a. Calculate the highest common factor of 10 and a.
10
Let b be ((-2)/(-1))/(20/110). Let q = -11 + 22. Calculate the greatest common divisor of b and q.
11
Suppose -2*l + 660 = -5*l. Let n be (-4)/(-14) - l/14. Let u = 117 - -59. What is the greatest common divisor of n and u?
16
Let m be -3*(-80)/(-12) - -4. Let u be -48*((-20)/m + -2). Calculate the highest common divisor of 54 and u.
18
Suppose 0*o = 5*o - 50. Let y be (2 - (-28)/(-12))*0. Let w = y + o. What is the highest common factor of w and 40?
10
Let l be (2 - -2) + (1 - 3). Suppose 1 = l*r - 15. Let x be 28*(-1 - (3 + -6)). What is the highest common factor of x and r?
8
Let l be 0/2 - (1 + -13). Let g = 36 + -22. Suppose -g = -t + 16. Calculate the greatest common factor of l and t.
6
Suppose 3*w + 2*k + 2 = -6, 3*k = 3*w + 3. Let d be ((-2)/(-4))/(w/(-88)). Calculate the greatest common factor of d and 242.
22
Let y(b) = -1 + 0*b - 1 + 10 + b**2 - 7*b. Let i be y(7). Let s = -8 - -24. Calculate the highest common divisor of s and i.
8
Suppose -6*d - z = -2*d - 8, 0 = 5*d - z - 1. What is the highest common divisor of d and 7?
1
Let b = 81 - 77. Calculate the highest common divisor of b and 8.
4
Let m be (10/(-30))/(2/(-18)). Suppose 3*h - 7 - 2 = -d, 0 = 4*d - m*h - 66. Let v be (-2 - -1) + (-1 - -17). Calculate the highest common factor of v and d.
15
Suppose -4*v + 26 = -5*v. Let a = 42 + v. What is the highest common factor of 176 and a?
16
Let a be 32/6*24/16. Let m = 9 - a. What is the greatest common factor of m and 2?
1
Let n(p) = -p**3 + 5*p**2 - 4. Let f be n(4). What is the highest common divisor of 3 and f?
3
Suppose 8 = 4*x - 0*x, 2*a = -5*x + 98. What is the greatest common divisor of 11 and a?
11
Suppose -4*i - 4*t = -8, -4*t - 1 = -5*i + 9. Suppose -5*p = -i*p - 75. Calculate the highest common factor of 10 and p.
5
Let r be 21*6/9*18/12. Suppose -5*n + 7 = -4*n. What is the greatest common factor of r and n?
7
Let x = -22 + 13. Let w be (-12)/8*42/x. Suppose -5*j + 211 - 36 = 0. What is the highest common factor of w and j?
7
Let s(h) = -h**3 - 10*h**2 + 24*h + 13. Let w be s(-12). Suppose -3*k + 65 = y, -k - 14 - 51 = -y. Calculate the greatest common divisor of w and y.
13
Suppose 4*t - 211 = 269. Calculate the highest common factor of 15 and t.
15
Let d(v) = -v**2 - 5*v + 2. Let n be d(-5). Suppose 0 = -s + 6*s + 410. Let z be 9/6 + s/(-4). What is the greatest common factor of z and n?
2
Let m(z) = z**3 + 8*z**2 + z + 11. Let p be m(-8). Let w = p + 9. Let n(v) = v - 1. Let u be n(4). What is the greatest common factor of u and w?
3
Let u(n) = -n**3 - 8*n**2 + 4*n - 6. Let z be u(-9). What is the highest common factor of 26 and z?
13
Let q be 6 - (-4 + 4 - -2). Calculate the greatest common divisor of 108 and q.
4
Let w be 12 - (1 + -2) - 1. Let q(u) be the second derivative of -u**3/6 + 3*u**2 + 9*u. Let f be q(0). Calculate the greatest common divisor of w and f.
6
Let x(s) = s**3 + 18*s**2 - 20*s + 8. Let y be x(-19). Calculate the greatest common divisor of y and 27.
27
Let g be (-50)/18 - 4/18. Let v be (-3)/(((-27)/(-66))/g). What is the highest common factor of v and 2?
2
Let l = -1 - -9. Let i(y) = y. Let m(o) = o**2 - 6*o + 24. Let q(g) = 5*i(g) + m(g). Let c be q(0). Calculate the greatest common factor of c and l.
8
Let t be ((-36)/(-21))/((-4)/(-14)). What is the greatest common divisor of t and 12?
6
Let a = -11 - -22. Calculate the greatest common factor of a and 1.
1
Suppose y = -9*k + 4*k + 81, 4*y - 52 = -3*k. Calculate the greatest common factor of 2 and k.
2
Suppose 2*b + 5*v - 320 = 0, -4*b - 2*v = -0*b - 624. Calculate the greatest common divisor of b and 62.
31
Let p(c) = -57*c + 4. Let w(g) = 1 - 2